 -274. Let u = z - m. Is u a prime number?
False
Let g(x) = x**3 - 4*x**2 - 5*x + 4. Let p be g(5). Suppose p*r + 707 = -925. Is r/(-4 - -1) + -3 a composite number?
True
Suppose 3*z - 160 = 5*o + 106, 4*z = 2*o + 350. Let h = -18 + z. Let t = 44 + h. Is t a prime number?
True
Suppose -92*o - 301975 = -117*o. Is o composite?
True
Let z(y) = 140*y**3 + 15*y**2 + 55*y - 7. Is z(15) composite?
True
Suppose 4*y - 47776 = 4*r, -4*r - 2*y + 9397 = 57185. Is r/(-14) + (-4)/14 composite?
False
Let p(l) = l**3 + 2*l**2 + 2. Let t be p(-2). Suppose 5*x = -2*f + 3*f - 429, 4*f + t*x - 1804 = 0. Is f prime?
True
Let t(v) = 14*v**2 + 32*v - 16. Let x(a) = 5*a**2 + 11*a - 5. Let m(b) = -6*t(b) + 17*x(b). Suppose -3*w + 0*w + 24 = 0. Is m(w) a composite number?
True
Let a = 3226 - 2218. Let q = 1775 - a. Is q prime?
False
Suppose -6 - 44 = -10*m. Suppose -v - m*o = -803 + 242, 3*o = -3*v + 1731. Is v composite?
True
Suppose 0 = 130*g - 119*g - 34067. Is g composite?
True
Let l = -47 - -51. Suppose -3*w = -l*t - 355, -w - 5*t = -t - 97. Is w a composite number?
False
Let w(u) = -u**2 + 3. Let k be w(2). Is 157/(-4)*4/k a prime number?
True
Suppose 4*o = 2*t - 7570, 2*t - 7552 = -9*o + 4*o. Is t composite?
True
Suppose 4*y = 6*y - 494. Let v = 458 - y. Is v a prime number?
True
Is (863568/14)/3 + (-3)/21 a prime number?
False
Let m(a) = -a**3 - 36*a**2 + 34*a - 23. Is m(-42) prime?
True
Let y be 2*2 - (10 - 8). Suppose -5*q = 5*f - 1870, -5*f = -5*q + y*q - 1894. Is f a composite number?
True
Let i be 18/8 - 7/28. Let v = i - 0. Suppose -v*p - f = -182 + 28, -4*p - 4*f = -300. Is p a composite number?
False
Is (-8364)/510*(-4435)/2 composite?
True
Let p = -2 - -6. Suppose -4*o - 15 = -m, -p*m + 2*o + 2*o + 24 = 0. Suppose 164 = j - 2*h - 151, -2*h - 949 = -m*j. Is j a prime number?
True
Let n(a) = 214*a - 25. Let m = 23 + -17. Is n(m) a composite number?
False
Is ((-54546)/24)/((-1)/4) composite?
False
Let v(w) = -w**3 + 10*w**2 + 4*w - 4. Let p be v(8). Let x be p/11 + (-6)/33. Is (-1401)/(-21) - (-4)/x a composite number?
False
Let u = -3261 - -6158. Is u a prime number?
True
Let c be (2 + (-16)/14)*7. Let s = c - 2. Suppose 4*k - b - 2563 = 0, -k = -2*b + s*b - 643. Is k a prime number?
True
Suppose -d + 2 = 0, -5*x + 2*d = d - 77063. Is x a prime number?
True
Let d be (9 - 4)/(1 - 24/28). Suppose 0 = -4*b + 16, b - 6*b = -n + d. Is n composite?
True
Let j(d) = -d**3 + 8*d**2 + d - 2. Suppose a + 4*f = 12, -3*a + 3*f + 19 = -2*f. Let w be j(a). Is 1*-1 - (w + -62) prime?
False
Suppose -4*u + 5*d = -471, 4*d - 501 = -4*u + 3*d. Let t = 210 - u. Suppose w + w = t. Is w a composite number?
False
Suppose -3*u + 162 = -0*u. Let r(f) = 7*f**2 + u + f**2 - 55. Is r(-4) a composite number?
False
Let r(j) = 10*j**3 + 3 + j**2 + 65*j + 3*j**2 - j**2 - 68*j. Is r(2) composite?
False
Let t = 32 - 25. Suppose -6*o + t*o = 413. Is o composite?
True
Suppose 4*y - y - 5*l - 57 = 0, -30 = -3*y - 4*l. Suppose -17*v = -y*v - 921. Is v composite?
False
Suppose -13*m - 82006 = -285053. Is m prime?
True
Suppose 19 = -2*t - 29. Let j = t + 66. Suppose -482 = -4*h + j. Is h prime?
True
Let s be -112 - (-2 - (5 - 5)). Let q = 297 + s. Is q composite?
True
Let u be 13*4/(-14) - 2/7. Is ((-34)/u)/(13/1378) a composite number?
True
Suppose 0*u = -3*u - 0*u. Suppose -s + z + 382 = u, -3*s - 4*z = -1150 + 11. Is s a prime number?
False
Let z(u) = -2*u + 36. Let m be z(16). Is 256 + (m + -3)*-3 prime?
False
Let t = 28672 + -11015. Is t prime?
True
Let n(m) = 2*m**2 + 13*m - 14. Let r be (-1)/(4/8) + 17. Is n(r) composite?
False
Let p(z) be the first derivative of z**3/3 + z**2/2 + 3*z + 1. Let g be p(0). Suppose -g*i - 633 = -6*i. Is i prime?
True
Let b(o) = -9335*o - 329. Is b(-2) composite?
False
Let l(z) = 54*z**2 - 1. Let d be 14/(-7)*2/(-4). Let u be (3/(-3) - -2)*d. Is l(u) composite?
False
Let v(j) = -j**3 + j**2 + 2*j - 4. Let g be v(3). Let t = g + 16. Suppose 2*y = -3*c + 119, 0 = -t*y + 2*y + 10. Is c a prime number?
True
Suppose -11*b = -9*b - 6. Suppose -4*k - 3*m = -5429, b*m - 3 = -18. Is k composite?
False
Let k be (-48)/3 + 4 + -4. Let f(o) = o**2 - 7*o + 5. Is f(k) a composite number?
False
Suppose -2*d + 13558 = -2*y, 36*d - 20337 = 33*d - 2*y. Is d a prime number?
True
Suppose -11*u - 16488 = -3*r - 13*u, r + u = 5495. Is r prime?
False
Suppose i + 14450 = 4*a, 5*i - 13419 = -5*a + 4656. Is a prime?
True
Suppose -55 - 5 = -5*u. Is (-10 - -147)/((u/(-9))/(-4)) prime?
False
Let r(l) = l**3 - 6*l**2 + 7*l - 5. Let q be r(5). Suppose -q*o + 4911 = -2*o. Is o a composite number?
False
Suppose 60*s = 62*s + 14032. Is ((-2)/4)/(4/s) composite?
False
Is 4265 + -13 + (1 - -14) a prime number?
False
Let a be (-1)/(3/(6/(-1))). Suppose 0*w - a = -3*g - 2*w, -3*g = -4*w + 4. Suppose g = 2*l - 5*l + 879. Is l composite?
False
Let w(b) = -11*b**2 + b - 8. Let h be w(4). Let q = h - -487. Is q prime?
True
Let g(o) = -111*o - 15. Let b be g(-7). Suppose -2*r = r - b. Is r a prime number?
False
Suppose 0 = -m - 2*m + 993. Let x(o) = -m + 2*o + 2*o + 338. Is x(7) prime?
False
Is 29*((-6)/(-4))/((-21)/(-2086)) a composite number?
True
Let d(n) = 839*n**2 - 12*n - 35. Is d(-6) a composite number?
False
Let t(l) = 3*l**2 + 32*l + 49. Let k be -6*(-4 - 69/(-9)). Is t(k) a composite number?
False
Suppose -22*s = -125869 - 83593. Is s a prime number?
True
Is ((-9)/6)/((-24)/796496) prime?
False
Let z(u) = u**3 - 7*u**2 + 2*u - 3. Let s be z(6). Let k be (s/2)/((-9)/12). Is 87/(-3 - k/(-4)) composite?
True
Suppose 21 = z + 5*l, 5*z + 10 = 5*l - 5. Is (3786/14 - z) + (-15)/35 composite?
False
Is (-2 - 16/(-3))*(-87072)/(-64) a prime number?
False
Suppose 0 = -5*h - 4*p + 109183, 0 = 13*p - 8*p + 15. Is h a composite number?
False
Let q = 1913 + -2745. Let g = 2193 + q. Is g a prime number?
True
Let j(y) = -547*y - 1. Suppose -3 = 5*t - 13. Let r be j(t). Is r/(-33) - (-2)/(-11) composite?
True
Suppose -2*q + 2*i = -11452, -3 = i - 8. Is q a prime number?
False
Suppose -5*u + 130 = -3*u. Let q(i) = 9*i**2 - 66*i**3 + 20*i + u*i**3 - 3 - 2. Is q(10) a prime number?
False
Suppose 3790 + 2001 = z. Is z composite?
False
Let p = 4904 + 4251. Is p composite?
True
Let z = 19 - -3948. Is z a composite number?
False
Is 3 - ((-237)/8 + (-45)/120) composite?
True
Let p(v) be the second derivative of 17*v**3/6 - 4*v**2 - 13*v + 5. Let l = 8 + -3. Is p(l) composite?
True
Suppose 4*d = -5*z + 30 + 2, 4*d = -z + 16. Suppose -3*x - 686 = c + d*c, -5*c - x = 852. Let o = -13 - c. Is o prime?
True
Let s be (-5)/((-10)/4288) + -3 + 5. Suppose -5*g = -2*c + 2143, -11*c + s = -9*c - 4*g. Is c composite?
True
Suppose -5*v - 22 = 6*v. Let b(q) = -q - 6. Let i be b(-3). Is 171*(2/i)/v prime?
False
Let u(t) = 112*t + 1. Suppose 2 - 4 = -p. Suppose -4*i = s - 9, 3*i + 5 = 2*s - p. Is u(i) a prime number?
True
Suppose -62*d + 1476416 = -69306. Is d composite?
True
Let b = 435 - -526. Is b prime?
False
Suppose -5*d - 505820 = -25*d. Is d a prime number?
False
Let a = -1 - -131. Let z = a - 63. Is z prime?
True
Let q(h) = h**3 + h**2 + 2. Let z be q(0). Suppose -z = c - 5. Suppose -c*d = -6*d + 345. Is d prime?
False
Suppose 3*j + 2677 = 3*k - 986, 0 = -k - 4*j + 1236. Suppose -5*o + 270 = 2*t - 0*t, 5*t - 698 = -o. Suppose -k = -4*m + t. Is m composite?
True
Let c = 1778 - 604. Is c prime?
False
Suppose -q - q + 168 = 4*x, -3*x + 15 = 0. Suppose -q = g - 631. Is g composite?
False
Let i = 115 + -114. Is (2684/8 + i)*(3 + -1) a prime number?
True
Let g = 10726 - 6335. Is g a prime number?
True
Suppose 2*c = 8, 0 = -q - 2*c - 2*c + 20. Suppose 2*n = n + q. Suppose 5*s + n*x = 3965, 0*s + 5*x - 1569 = -2*s. Is s a composite number?
False
Let p be 24/(-144) - 19/(-6). Let t = p + -3. Suppose q - 4*u = 2*q - 269, t = u - 3. Is q prime?
True
Suppose -3*l + l + 102 = -3*k, 5*k - 255 = -5*l. Suppose -228 = -3*q - l. Is q a composite number?
False
Let q = -597 - 335. Let p = 1398 + q. Is p a prime number?
False
Let b(v) = -5*v - 2. Let z be b(-4). Suppose 9 + 3 = -3*m, i + 5*m = -z. Suppose -3*q + 77 = -i*q. Is q prime?
False
Let l be ((-8)/10)/(32/(-163280)). Suppose -4*s + 5445 = -x + 2*x, 3*s - l = x. Is s prime?
True
Let p = 17057 - 8806. Is p composite?
True
Suppose 5*a - 3 - 2 = -4*f, -3*a = -3. Suppose f*b + 2019 = 3*b